 g(11).
16
Let r(n) = n**3 + 2*n**2 - 2*n + 1. Give r(0).
1
Let m(a) = -13*a + 4. Calculate m(1).
-9
Let q(z) = 12*z - 52. What is q(4)?
-4
Let k(t) = -t**2 - t - 30. What is k(0)?
-30
Let n(s) = -s**3 - 2*s**2 + 6*s + 6. Determine n(-3).
-3
Let k(o) = -2*o + 4. Give k(4).
-4
Let h(z) = 4*z**2 + 137*z + 41. What is h(-34)?
7
Let c(u) = -u**3 - 6*u**2 + 8*u + 18. What is c(-7)?
11
Let n(f) = 13*f + 28. Determine n(-6).
-50
Let p(h) = h**3 - 8*h**2 + 7*h. Determine p(5).
-40
Let o(i) = -5*i + 282. Give o(56).
2
Let a(g) = 23*g - 88. Calculate a(4).
4
Let l(d) = d**3 + 8*d**2 + d. Determine l(-7).
42
Let i(o) = -2*o + 9. Give i(5).
-1
Let f(q) = -q**2 + 6*q - 7. Give f(2).
1
Let v(u) = u**2 - 18*u + 19. Give v(17).
2
Let p(y) = -48*y + 600. What is p(12)?
24
Let m(g) = -g**2 - 5*g - 4. Determine m(-4).
0
Let t(j) = -8*j - 16. What is t(-2)?
0
Let y(v) = v**2 + 15*v + 39. What is y(-14)?
25
Let r(x) = 6*x - 4. Calculate r(-5).
-34
Let m(v) = -v + 10. Determine m(3).
7
Let z(r) = -r**2 - 19*r - 35. Give z(-15).
25
Let q(n) = n**3 - 7*n**2 + 12*n - 6. Determine q(6).
30
Let v(l) = l - 7. Determine v(-7).
-14
Let p(t) = -t**2 + 7*t + 2. Calculate p(7).
2
Let t(f) = f**2 - 15*f + 42. Determine t(8).
-14
Let c(l) = l**3 - 4*l - 9. Determine c(3).
6
Let j(x) = 23*x + 718. Calculate j(-31).
5
Let u(l) = l**3 - l**2 - 7*l - 2. What is u(3)?
-5
Let j(d) = d**2 - 15*d + 64. Give j(12).
28
Let i(v) = 3*v**2 + 7*v - 31. What is i(4)?
45
Let n(d) = -14*d + 210. Determine n(16).
-14
Let s(a) = 10*a + 94. Calculate s(-7).
24
Let n(z) = z**2 - 7*z + 17. What is n(5)?
7
Let l(q) = q**2 + 10*q - 54. Determine l(-14).
2
Let x(l) = 2*l + 28. Give x(-13).
2
Let i(o) = o**2 + 24*o + 29. What is i(-22)?
-15
Let q(f) = 4*f - 49. Give q(0).
-49
Let q(v) = -3*v**3 + 2*v**2 - 3. Calculate q(-2).
29
Let y(q) = q**3 + 8*q**2 - 3*q - 17. What is y(-7)?
53
Let s(x) = -x**3 - 2*x**2 + 11*x + 29. Calculate s(-3).
5
Let p(c) = c**3 + 8*c**2 - c - 11. What is p(-8)?
-3
Let p(y) = y**3 + 15*y**2 + y + 16. Determine p(-15).
1
Let q(x) = -x**3 + 5*x**2 - 5*x + 7. Determine q(4).
3
Let q(l) = -l**2 - 6*l + 15. Determine q(-5).
20
Let t(l) = l**2 - 4*l - 5. Give t(5).
0
Let h(o) = -o**2 - 24*o - 82. Determine h(-20).
-2
Let m(n) = n**2 - 17. Give m(0).
-17
Let k(b) = 11*b - 5. Give k(-4).
-49
Let h(d) = -d**2 + 15*d - 2. Determine h(13).
24
Let o(i) = -2*i**2 + 2. Calculate o(1).
0
Let p(d) = -42*d - 325. Determine p(-8).
11
Let g(m) = m**2 + 4*m - 2. Give g(-6).
10
Let h(b) = -b**3 + 9*b**2 - 43*b + 157. Calculate h(6).
7
Let x(v) = 9*v + 5. Calculate x(-4).
-31
Let q(h) = 19*h + 19. Calculate q(-1).
0
Let g(r) = -r**3 + 3*r**2 + 3*r + 2. Calculate g(5).
-33
Let u(s) = 9*s**2 + 5*s - 1. Determine u(2).
45
Let p(i) = i**3 + 6*i**2 - 7*i + 10. What is p(-8)?
-62
Let j(f) = f**3 + 2*f**2 + 10*f + 20. Give j(-2).
0
Let w(j) = 5*j - 109. What is w(24)?
11
Let f(r) = 6*r**2 - 5*r + 3. Give f(3).
42
Let o(j) = j**3 - 10*j**2 + 24*j - 238. Give o(10).
2
Let z(p) = -p**3 + 17*p**2 - 18*p + 27. What is z(16)?
-5
Let l(w) = -w**2 + 12*w - 38. Give l(6).
-2
Let o(j) = -j**3 - 3*j**2 + 5*j. Calculate o(-4).
-4
Let g(a) = -6*a + 115. Calculate g(22).
-17
Let l(s) = 77*s**3 + 5*s**2 + 6*s. Give l(-1).
-78
Let i(l) = l**3 + 8*l**2 - 5*l - 34. What is i(-8)?
6
Let z(k) = 9*k + 1. Calculate z(-1).
-8
Let l(s) = -2*s**2 + 30*s + 69. Give l(17).
1
Let t(s) = -15*s + 88. Determine t(6).
-2
Let d(t) = -t**3 + 3*t**2 - 2*t + 4. Give d(4).
-20
Let z(a) = -a**3 - 4*a**2 + 18*a + 43. Give z(-3).
-20
Let j(o) = -7*o**3 + 44*o**2 - 14*o + 10. What is j(6)?
-2
Let v(z) = z**3 + z**2 - 35*z - 20. Determine v(-6).
10
Let g(v) = v**2 - 6*v + 14. Give g(7).
21
Let q(t) = t + 25. Calculate q(-27).
-2
Let w(q) = -q**2 - 5*q + 13. What is w(-10)?
-37
Let p(h) = 79*h**3 + h**2 - 1. What is p(1)?
79
Let v(n) = 73*n + 589. What is v(-8)?
5
Let d(z) = 3*z - 38. Determine d(16).
10
Let o(a) = -2*a**2 + 4*a + 33. Calculate o(0).
33
Let m(z) = -z**2 + 19*z + 9. What is m(17)?
43
Let q(g) = -12*g**2 - g - 2. Determine q(2).
-52
Let q(x) = -12*x**2 - 8*x - 8. Determine q(-1).
-12
Let m(z) = 6*z + 65. Determine m(-10).
5
Let b(s) = -14*s**2 + s. Calculate b(1).
-13
Let a(z) = -9*z - 42. Determine a(-7).
21
Let v(l) = -l**2 - 14*l + 6. What is v(-13)?
19
Let s(a) = -a - 45. Calculate s(-24).
-21
Let j(u) = u**3 - 17*u**2 + 2. Calculate j(17).
2
Let o(q) = q**3 - 6*q**2 - 2*q. Give o(6).
-12
Let o(y) = 2*y**3 - 23*y**2 - 15*y + 48. Give o(12).
12
Let y(m) = m**2 + 7*m - 92. Determine y(-14).
6
Let a(f) = -2*f**2 - 7*f - 2. What is a(-3)?
1
Let l(a) = -a**3 - 22*a**2 - 21*a + 13. Calculate l(-21).
13
Let v(z) = z**3 + 11*z**2 + 1. Give v(-11).
1
Let u(b) = -6*b - 12. Calculate u(5).
-42
Let d(n) = -n**2 - 8*n - 43. Calculate d(-6).
-31
Let x(i) = i - 4. What is x(5)?
1
Let p(y) = -y - 69. What is p(-14)?
-55
Let h(g) = 5*g - 3. Give h(1).
2
Let b(p) = -p**3 - 7*p**2 - 14*p. Determine b(-4).
8
Let i(q) = -59*q - 1. Determine i(1).
-60
Let y(i) = i**3 + 10*i**2 + 2*i + 43. What is y(-10)?
23
Let q(c) = 9*c + 6. What is q(0)?
6
Let y(q) = -q**2 - q. Calculate y(-8).
-56
Let f(n) = n**3 - 6*n**2 + 9*n - 6. What is f(3)?
-6
Let d(a) = -a**2 - 2*a + 20. Give d(5).
-15
Let u(x) = x**3 - 21*x**2 + x + 16. What is u(21)?
37
Let z(t) = t**3 - 18*t**2 - 22*t + 9. Give z(19).
-48
Let u(y) = -y**2 + 16*y + 9. Give u(15).
24
Let z(j) = -2*j**2 - 8*j - 14. Give z(-6).
-38
Let h(f) = -f**3 - 6*f**2 - 2*f - 11. Calculate h(-4).
-35
Let g(q) = 17*q**3 + q**2 - 2*q + 1. Determine g(1).
17
Let x(f) = 4*f**2 + 5*f. Give x(-2).
6
Let d(f) = f**3 - 8*f**2 + 5*f + 3. Calculate d(7).
-11
Let h(i) = -i**3 - 11*i**2 + 16*i + 36. What is h(-12)?
-12
Let k(j) = 2*j**2 - 57*j - 226. What is k(32)?
-2
Let u(p) = -6*p**2 + 2*p + 1. Determine u(-2).
-27
Let a(i) = 3*i**3 - i + 2. Determine a(2).
24
Let s(u) = -127*u - 126. What is s(-1)?
1
Let g(k) = -3*k - 5. Give g(-8).
19
Let p(f) = f**3 - 12*f**2 + 21*f - 7. Determine p(10).
3
Let p(x) = 2*x + 16. Give p(-7).
2
Let q(n) = n**3 - 27*n**2 - 26*n - 30. What is q(28)?
26
Let v(w) = -2*w**2 + 37*w - 5. Calculate v(16).
75
Let p(g) = 5*g**2 - 323*g - 122. Determine p(65).
8
Let w(y) = -6*y**2 + 5*y - 3. Calculate w(3).
-42
Let w(b) = -4*b - 45. Give w(-12).
3
Let x(m) = m**2 - 21*m + 91. Give x(17).
23
Let f(i) = -i**3 - 7*i**2 + 4*i + 19. Give f(-7).
-9
Let s(n) = 10*n - 9. Calculate s(3).
21
Let a(u) = 3*u**2 + 11*u - 17. Determine a(-5).
3
Let x(a) = 3*a**2 + 9*a - 13. Determine x(-4).
-1
Let d(l) = -5*l + 1. What is d(9)?
-44
Let u(p) = -p**3 - 14*p**2 - 13*p + 6. Calculate u(-13).
6
Let b(g) = 2*g - 124. What is b(34)?
-56
Let k(i) = -i**2 + 10*i - 8. Determine k(8).
8
Let r(p) = p**3 + 17*p**2 - 17*p + 8. Calculate r(-18).
-10
Let p(u) = u**3 - 3*u**2 - 2*u + 3. Determine p(4).
11
Let u(c) = c**3 + 9*c**2 + 22*c + 6. Calculate u(-5).
-4
Let h(o) = -o**2 - 11*o - 13. Determine h(-9).
5
Let k(q) = q**2 - 156*q - 796. Give k(-5).
9
Let r(g) = g**3 - 13*g**2 - 16*g + 23. Give r(14).
-5
Let a(y) = -y**2 + 2*y + 9. Determine a(7).
-26
Let r(m) = -2*m**3 + 31*m**2 - 13*m - 14. Give r(15).
16
Let q(p) = 31*p**2 + 2*p. Determine q(-1).
29
Let l(u) = -3*u - 38. What is l(-18)?
16
Let x(q) = -14*q**3 + 2*q**2 - 2. What is x(-1)?
14
Let d(z) = -6*z**3 + 3*z**2 - z + 2. Give d(2).
-36
Let r(y) = -116*y**3 - y**2 + y. Calculate r(1).
-116
Let x(l) = -2*l**3 - 17*l**2 + 9*l - 3. What is x(-9)?
-3
Let z(l) = -l**3 - 17*l**2 + 4*l + 15. Determine z(-17).
-53
Let k(d) = -d - 33. Give k(10).
-43
Let s(j) = 2*j**2 + 56*j - 3. Calculate s(-28).
-3
Let p(o) = o**3 - 9*o**2 + 14*o - 4. Calculate p(4).
-28
Let p(l) = -22*l**2 + l - 1. Give p(1).
-22
Let m(c) = -5*c + 48. Determine m(9).
3
Let n(l) = 4*l + 7. Calculate n(-6).
-17
Let g(q) = q**2 + 6*q - 7. What is g(-5)?
-12
Let w(i) = i**2 - 11*i - 22. Calculate w(13).
4
Let l(h) = -3*h - 72. Give l(-20).
-12
Let f(j) = -2*j**3 - 29*j**2 + 14*j - 14. Calculate f(-15).
1
Let w(o) = -2*o**2 - 11*o + 22. What is w(-5)?
27
Let s(r) = -r**2 + r + 20. Determine s(6).
-10
Let r(t) = -12*t + 128. Calculate r(12).
-16
Let g(y) = 2*y**2 - 8*y - 55. Give g(8).
9
Let c(t) = t**2 - 17*t + 8. Give c(16).
-8
Let w(n) = -6*n**3 + 3*n + 2. Calculate w(-1).
5
Let k(l) = -l**2 + 7*l + 21. Determine 